8 - 14. Let y be 2/(-10) - (b + (-387)/(-15)). Let n = 43 + y. What are the prime factors of n?
13
Suppose -7*i + 2*i + 3*r + 265 = 0, 0 = 5*i + 2*r - 290. Let k = 59 - i. Suppose 5*m - 4*m - 662 = -4*a, -4*m = k*a - 503. What are the prime factors of a?
3, 5, 11
Suppose -9*y - 154 - 35 = 0. List the prime factors of 123660/70 + 12/y.
2, 883
Suppose -2*m - 12 = 4*b, 0 = -5*b - 10 - 10. List the prime factors of (-10948)/(-63) + 1/(9/m).
2, 3, 29
Suppose 137*q + 64 = 133*q. Let j(s) = -46*s - 20. List the prime factors of j(q).
2, 179
Let x(s) = s**2 - s + 54. Let u(v) = v**3 + 9*v**2 - 25*v - 11. Let c be u(-11). List the prime factors of x(c).
2, 3, 43
Let q(d) = -d**3 + 13*d**2 + 28*d + 34. Let c be q(15). Let z(k) = 13*k**3 - 8*k**2 + 10*k + 1. List the prime factors of z(c).
5, 149
Suppose 15*n = 9*n. Suppose -3*p + 383 = u, -p = -n*p - 4*u - 132. Suppose 4*z - 6*z + p = 0. List the prime factors of z.
2
Let v(k) = 46*k**2 + 43*k - 45. List the prime factors of v(-11).
2, 631
Suppose 4*y = 20, 0 = b - 5*b - 2*y + 94. Let m = b + 160. Let j = m + -54. What are the prime factors of j?
127
Suppose v + 2*v - 3*x = 3024, 5*x = -v + 996. Let s be v/7 - (-30)/105. Let c = s + -68. What are the prime factors of c?
2, 19
Let h(s) = s**2 + 13*s - 29. Let c be h(-19). Suppose 86*n + 3*x - 1523 = c*n, 1507 = n - x. List the prime factors of n.
1511
Let l(t) = -7*t - t + 7 + t + 11*t**2. List the prime factors of l(-5).
317
Let y(o) = 0 + 3 - o + 2 + 3 - o**3 + 8*o**2. Let h be y(8). Suppose -k + 4 = -h*k. What are the prime factors of k?
2
Let b = -399 - -392. What are the prime factors of (329 - (5 + b))/1?
331
Suppose -n + 3710960 = 131*n + 98120. What are the prime factors of n?
2, 5, 7, 17, 23
Let z be (-1701)/6 - (-6)/(-4). Let q = z - -560. List the prime factors of q.
5, 11
Suppose 0 = 2*k - 5*m - 71168 + 17661, 4*m - 26799 = -k. List the prime factors of k.
19, 1409
Suppose 4*z = -2*x + 20, -4*x - 7*z = -2*z - 31. Let s(j) = j - 2. Let p be s(x). Suppose 0 = -5*l - p*l + 931. List the prime factors of l.
7, 19
Let u = -103 + 107. Let x(g) = g**3 - g**2 + 5*g + 2. Let i be x(5). List the prime factors of (-2)/u + (i/2 - 1).
2, 31
Let y = -192 - -789. Let h = y - 100. What are the prime factors of h?
7, 71
Suppose 3*x + c - 15 = 0, -2*x - 4*c = -x - 16. Suppose 0*t = 5*t. Suppose t = -s - 4*j + 98, -2*s + 43 + 165 = -x*j. List the prime factors of s.
2, 3, 17
Let g = 48 + -70. Let j = -18 - g. Suppose -890 = -4*m + 5*n, 0*n = -2*m + j*n + 448. What are the prime factors of m?
2, 5, 11
Suppose -10*n + 12304 + 14563 = -8183. List the prime factors of n.
5, 701
Let s(d) = d + 1. Let n be s(2). Let j(r) = -r**2 - 14*r + 9. Let u(g) = 14*g - 10. Let l(a) = -7*j(a) - 6*u(a). List the prime factors of l(n).
2, 3, 17
Let g(q) = -q**2 + 14*q + 1. Let j(k) = k + 27. Let t(a) = -3*a**2 - 2*a. Let m be t(2). Let l be j(m). List the prime factors of g(l).
2, 17
Let r = -373 + 377. Suppose d = r*n - 1091, 550 = 4*n - 2*n - 2*d. What are the prime factors of n?
2, 17
Suppose 79*i + 145028 = 556855. What are the prime factors of i?
13, 401
Let v(f) = 5940*f - 7589. List the prime factors of v(8).
73, 547
Let t be ((-1)/6*3)/(1/(-10)). Suppose -8162 = -t*a - 9*a. What are the prime factors of a?
11, 53
Suppose -13*q + 56724 = -39697. What are the prime factors of q?
7417
Suppose -28*c + 12 = -32*c. List the prime factors of (-2)/c + ((-21434)/21)/(-2).
7, 73
Suppose -361 - 341 = -6*l. Suppose 112*j + 195 = l*j. What are the prime factors of j?
3, 13
Suppose 5*p - 3*g = -7*g + 31333, 2*g - 31349 = -5*p. What are the prime factors of p?
3, 17, 41
Let y be (5 - 147*-1) + 3. Let k = y + -13. List the prime factors of k.
2, 71
Suppose -5*b - 94*w + 15770 = -95*w, 6308 = 2*b + 3*w. What are the prime factors of b?
2, 19, 83
List the prime factors of 136496/22 - (-212)/(-583).
2, 3, 11, 47
Let w be 5 + 6/((-8)/(7 + -3)). Suppose 0 = -w*j + 40 + 88. Suppose -4*i + 8 + j = 0. What are the prime factors of i?
2, 3
Let s(g) = g**2 + 6*g - 1. Let v be s(1). Let a be (-6196)/(-24) - 1/v. Let o = 9 + a. List the prime factors of o.
3, 89
Let f be 12755/13 - (-11 + 1160/104). Let d = f - 550. List the prime factors of d.
431
Let g(t) = 14*t**2 - 137. Let z(d) = -8*d**2 + 69. Let k(a) = 3*g(a) + 5*z(a). What are the prime factors of k(-9)?
2, 3
Suppose 116*v - 519042 = 59*v. What are the prime factors of v?
2, 29, 157
Let i = 162 - 42. Suppose -9*k + k + i = 0. Let v = k - 10. List the prime factors of v.
5
Let s = -12084 - -21536. What are the prime factors of s?
2, 17, 139
Suppose 0*b - 45*b + 32 = -5863. What are the prime factors of b?
131
Suppose -2*o = 5*c - 96556, -5*c + 98475 = 5*o + 1895. What are the prime factors of c?
2, 3, 1609
Let m be (-24132)/(-60)*(2 - -3). Suppose -3*v + 6733 - m = 0. What are the prime factors of v?
2, 787
Let n = -587 + 591. Suppose -4*d - 5*j + 4225 = -n*j, -4*j + 4 = 0. What are the prime factors of d?
2, 3, 11
Let n = 0 + 2. Suppose -a - 4*k - 6523 = -6*a, 3*k = -n*a + 2623. What are the prime factors of a?
1307
Let v(q) = -2*q**3 + q**2 + 19*q - 5. Let c be v(0). What are the prime factors of 1966 + c + -3 + 12 - 1?
11, 179
Let c(b) = -278*b + 50. Let r(f) = -f**2 + 22*f - 2. Let a be r(22). List the prime factors of c(a).
2, 3, 101
Suppose -18*i + 24*i - 99450 = 0. Suppose i = 7*u + 8*u. What are the prime factors of u?
5, 13, 17
Let y(o) = 3*o**2 - 16*o - 11. Let g be y(8). Suppose g - 183 = -5*r. Let w = 5 + r. List the prime factors of w.
31
Suppose 2*j - 149 = -j + 4*c, 0 = -j + 2*c + 47. Let f be (-2 - -5)/(-3)*j. Let k = f + 111. What are the prime factors of k?
2, 7
Let s(u) = 11 - 3 - 1 - 9 + 12*u. Let m be s(2). Let x = 34 - m. What are the prime factors of x?
2, 3
Suppose 11 = 3*f - 1. Suppose 776 = 8*p - f*p. List the prime factors of p.
2, 97
Let h = 18624 + -7274. What are the prime factors of h?
2, 5, 227
Suppose 5*j + 4*i = 162808, -468*j + 472*j = -4*i + 130240. What are the prime factors of j?
2, 3, 23, 59
Suppose 6*o + 5*o = 2959. Let y = 604 - o. What are the prime factors of y?
5, 67
Let d = 55526 - 8699. What are the prime factors of d?
3, 11, 43
Suppose 688 + 3092 = -36*l. What are the prime factors of ((-2478)/105)/(3/l)?
2, 7, 59
Let m(n) = 5*n**2 - 2*n - 1. Let t(v) = -v**2 + 7*v + 5. Let z be t(7). Suppose 0*w - 2*w - 3*g = -4, z*w + 3*g - 19 = 0. What are the prime factors of m(w)?
2, 3, 19
Let w = -6869 + 4172. Let c = -1197 - w. List the prime factors of c.
2, 3, 5
Let g(x) = 135*x**2 + 3363*x - 5. What are the prime factors of g(16)?
11, 29, 277
List the prime factors of (92/253)/(10/(-11)) + (-29864)/(-10).
2, 1493
Let c(h) = 21*h**2 - 34*h + 15. Let p be (-6 - 0)/(0 - (-10 - -11)). List the prime factors of c(p).
3, 7
Let q = -737 - -12185. List the prime factors of q.
2, 3, 53
Suppose 5*w - 615 = -q - 4*q, 625 = 5*q - 5*w. Suppose -8*b - q = -1172. What are the prime factors of b?
131
Let b be -13 + 14 + 1 + -8. Let w(p) = -12*p - 10. Let j(n) = 11*n + 11. Let t(f) = -3*j(f) - 2*w(f). List the prime factors of t(b).
41
Let n(o) = -o**3 + 14*o**2 - 10*o. Suppose -3 = -5*r + 2*r - 2*u, 2*r + 2*u = 0. Suppose -3*b = -5*j + r*j + 26, 65 = 5*j - 4*b. List the prime factors of n(j).
3, 13
Suppose w = -w - 5*s - 15, -4*w + 40 = -4*s. Suppose -4*x + 5*n = -5*x + 364, -4*x - w*n = -1441. What are the prime factors of x?
359
Let m(q) = -2*q + 29. Let o be m(5). Suppose -o*p = -6*p - 585. Let x = p + 51. List the prime factors of x.
2, 3
Suppose -312 = 4*x + 2*x. List the prime factors of 49 + x + 1*25.
2, 11
Let t(f) = -f**3 + 6*f**2 - 8*f + 3. Let l be t(5). Let s be 1/(-7)*2*-7. What are the prime factors of (-3)/s*392/l?
7
Let z = 2102 - 732. Suppose 2*m = -q - q + z, -691 = -m + 2*q. List the prime factors of m.
3, 229
Let m = -281 - -1161. Suppose 9*g - 698 = 5*g + 2*n, 5*g + 5*n - m = 0. What are the prime factors of g?
5, 7
Let d(z) = -33965*z**3 + 7*z**2 + 2*z. What are the prime factors of d(-1)?
2, 5, 43, 79
List the prime factors of ((-12)/5)/((-768)/8061440).
2, 47, 67
Let c = 1553 + -1163. Let u = 1 - -2. Suppose -9*j + c = -u*j. What are the prime factors of j?
5, 13
Suppose -b - 832 = -10856. List the prime factors of b.
2, 7, 179
Let d(o) = o**2 - 3*o**2 + 5*o + 6*o**2 + 5*o**3 - 2*o**3 - 4*o.